 + 0. Let k be h(-1). Calculate the highest common divisor of 50 and k.
10
Let l be -3 - 12/(-8)*28. Calculate the highest common factor of l and 104.
13
Let b = -21 - -23. Calculate the greatest common factor of b and 4.
2
Let i(y) = -7*y + 7. Let z(m) = -3*m + 4. Let t(u) = 3*i(u) - 5*z(u). Let f be t(-1). What is the highest common divisor of f and 7?
7
Let x = -205 + 213. Let z(c) = -c + 2. Let f be z(0). Calculate the greatest common factor of x and f.
2
Suppose 4*z = 9*z - 120. Let k(r) = -r + 17. Let n be k(0). Suppose -3*v + n + 1 = 0. What is the highest common factor of v and z?
6
Suppose -5 = -5*f + 4*f. Suppose 0 = -4*q - 3*j + 73, 6*q - 95 = q - f*j. Calculate the highest common divisor of 8 and q.
8
Let l = -3 - -3. Let k(w) = -3 + 4*w**2 - 1 + l - 2*w**2 - 4*w. Let b be k(4). What is the greatest common factor of b and 6?
6
Let b = 8 - -6. Let f(z) = z - 1. Let d be f(3). Let n be (-82)/(-3) - d/(-3). Calculate the greatest common factor of n and b.
14
Let n be (-6)/3 - (-15 - 1). Suppose 2*t - 3*p + 5*p - 478 = 0, -t - 4*p = -227. Suppose 75 = -4*j + t. What is the highest common divisor of j and n?
14
Let u be (12/(-10))/(8/(-20)). Let f(n) = 3*n - 29. Let x be f(10). Calculate the greatest common factor of x and u.
1
Suppose 0 = -3*w - 3*c + 36, -c = -0*w - w + 16. Suppose 4*d - 99 = 349. What is the highest common divisor of w and d?
14
Suppose -3*j + 256 = -338. Let m be (-3)/((-7)/(154/3)). What is the greatest common divisor of m and j?
22
Suppose 8*g = -2*o + 3*g - 10, -4*o - 4*g = 8. Suppose 3*w - 20 - 7 = o. What is the highest common factor of 27 and w?
9
Let o be ((-240)/14)/(2/(-49)). Suppose 4*w = m + 3*m - 412, 0 = -4*m - 4*w + o. Let x be -4*(21/(-4) + 2). What is the greatest common factor of x and m?
13
Let b(i) = -2*i + 5. Let s be b(-4). Let u(k) = k + 5. Let j be u(s). What is the highest common factor of j and 12?
6
Let a be (4 - -1)/((-1)/(-3)). Suppose -2*j - 3*x = -182, -5*x + 0*x = -4*j + 342. Let r = j + -43. What is the highest common factor of r and a?
15
Suppose -4*j - 128 = -2*j. Let z = j - -134. Calculate the greatest common divisor of 28 and z.
14
Suppose -4*n + 5*u + 43 = 0, -3*n - 2*u = 4 - 19. Suppose -230 - 50 = -8*z. What is the greatest common factor of n and z?
7
Let r = 196 - 98. Let x be 8 + 9 + (-6)/2. What is the highest common factor of x and r?
14
Let f = -210 + 485. What is the highest common divisor of 25 and f?
25
Suppose -4*b + 4*l = -22 + 6, -4*b - 5*l - 2 = 0. Suppose 0 = -3*z + 22 + b. Suppose -8*o + 280 = -3*o. What is the highest common factor of o and z?
8
Let c be 75 + (3 - 1)/1. What is the greatest common factor of 7 and c?
7
Let h be 16/10 - 2 - 1224/(-60). What is the highest common divisor of 160 and h?
20
Let u = 8 + -3. What is the greatest common factor of u and 15?
5
Suppose -5 = -5*s + 5*d, 4*s + 3*d = 5*d + 6. Let t = 9 + -1. Calculate the highest common factor of s and t.
2
Let y = -10 + 17. Let t be y + (-3 - (-1 - 5)). What is the highest common divisor of 10 and t?
10
Let u = 4 - 2. Suppose 3*i = u*q - 43, 0*i - 85 = -5*q + 3*i. Calculate the highest common factor of 56 and q.
14
Let h be ((-9)/21)/(2/(-14)). Calculate the greatest common factor of 6 and h.
3
Suppose 5*l = -3*k, 0*k - 4*k = -2*l - 26. Suppose 4*r + x + 0*x - 198 = 0, -3*r + 140 = k*x. What is the greatest common factor of r and 20?
10
Let z = 15 + -7. Let d = z + -7. What is the greatest common divisor of 8 and d?
1
Suppose -4*b + 46 = 3*p - 33, p = 5*b - 75. What is the greatest common factor of b and 112?
16
Suppose 0*s + 2*u + 492 = 4*s, -3*u = 3*s - 351. What is the greatest common divisor of s and 11?
11
Let w(p) = 2*p**2 + 4*p + 3. Let y be w(-2). Suppose f - 150 = -f. Suppose y*s = -2*s + f. Calculate the greatest common factor of s and 15.
15
Suppose 10*t + 274 = 1354. What is the greatest common factor of 4 and t?
4
Let u(f) = f**2 - 5*f - 12. Let x(l) = l**2 - 6*l - 13. Let r(j) = 6*u(j) - 5*x(j). Let g be r(5). What is the highest common factor of 6 and g?
6
Let z = 1 - 1. Suppose z = -f - 1. Let b be f/((1/(-13))/1). What is the greatest common factor of 26 and b?
13
Suppose -5*w = -2*w. Suppose -3*t + 7*t + p = 23, -5*p + 15 = w. Suppose 5*f - 205 = g, t*g + 148 = 5*f - 77. Calculate the highest common divisor of 10 and f.
10
Suppose -t + 165 = 4*t. What is the greatest common divisor of t and 22?
11
Suppose -2*v - v + 15 = 0. Suppose 2*n - 4*n + 16 = 0. Suppose -3*k = -n*k + 75. Calculate the highest common factor of v and k.
5
Let n = 33 + -24. What is the greatest common divisor of n and 9?
9
Let k be ((-4)/5)/((-12)/(-90)). Let v(r) = -3*r - 4. Let q be v(k). Let o = -13 - -34. What is the greatest common factor of q and o?
7
Suppose 5*n + 18 = 98. Let q be 9/(-15)*(-5)/1. Let v be 141/9 + 1/q. Calculate the highest common factor of n and v.
16
Suppose 0*z + z = 13. What is the highest common divisor of 104 and z?
13
Suppose 5*t = 2*j - 14, -2*j = -3*t + t - 8. Let g(o) = o**2 - 3 - 4*o**2 + 10*o + j*o**2. Let n be g(9). What is the greatest common factor of 18 and n?
6
Suppose -16 = -d - 2. Suppose o + 4*n - 46 = -n, o = n + 58. What is the greatest common divisor of o and d?
14
Let a be ((-8)/12)/((-1)/105). What is the greatest common divisor of 175 and a?
35
Suppose m + 7 = 2*u - 5*u, 4*u = -12. Let k = 135 + -76. Let h be k/m + 1/2. Calculate the highest common factor of h and 45.
15
Let d be (4/6)/(2/(-3)). Let f be (58/6)/(d/3). Let p = f - -69. Calculate the greatest common factor of p and 5.
5
Let w(l) = -l**3 - 4*l**2 + 2*l - 2. Let y be w(-6). Calculate the highest common divisor of y and 145.
29
Suppose 4*b - n = -5*n + 84, -5*n + 25 = b. What is the greatest common divisor of b and 30?
10
Let d = 21 + -17. Suppose d*n - 1 = 11. Calculate the greatest common divisor of 3 and n.
3
Let q be 0 - -1 - (14 - 2). Let b(i) = -i**3 - 12*i**2 - 15*i - 16. Let z be b(q). Suppose -4*f + z = -12. What is the greatest common divisor of f and 15?
5
Suppose -4*v + 3*v + 2*o + 48 = 0, 3*v - 142 = 5*o. Let w = -24 + v. Let p = -13 + w. What is the greatest common divisor of 14 and p?
7
Let c(h) = -2*h + 50. Let k be c(15). Calculate the highest common factor of k and 180.
20
Suppose -s - 2*s - 5*t = -13, 0 = -4*s - 4*t + 4. Let f(i) = i**2 + i + 3. Let n be f(s). What is the highest common divisor of 75 and n?
15
Let h be 0/(-4 + 2 + 1). Suppose 4*b - 16 = -n - 2*n, n = h. What is the highest common divisor of 4 and b?
4
Let r(d) = -24*d**3 - d**2 - 2*d - 1. Let z be r(-1). Let o = 40 + z. Calculate the highest common divisor of o and 16.
16
Let f(z) = 8*z**3 + 4*z**2 - 4*z. Let i be f(3). What is the greatest common divisor of 30 and i?
30
Let m be (27/12)/(3/32). Let n be m - (2*-1 - 0). Let k = -4 - -69. What is the highest common factor of k and n?
13
Suppose 0 = -y + 27 + 11. Calculate the highest common factor of y and 342.
38
Suppose -11*u - 715 = -16*u. Calculate the highest common divisor of 13 and u.
13
Suppose -3*h = -2*h + 3. Let v be 4*(7/2 + h). Calculate the highest common factor of 16 and v.
2
Suppose 0 = w - 5, -2*l + 26 = w - 3*w. Calculate the highest common factor of 72 and l.
18
Let s = 6 + -4. Suppose 0 = -2*a + 3*d + s*d + 16, 4*a + d = 32. What is the greatest common divisor of 2 and a?
2
Suppose -2*x = 4 - 6, b = -5*x + 86. Calculate the greatest common factor of 9 and b.
9
Suppose 3*x + 3*w = 49 + 272, -4*w - 412 = -4*x. Suppose -5*a + 295 = -x. Calculate the greatest common factor of 16 and a.
16
Let l(c) = c**3 - c**2 - 5*c + 4. Suppose 3 = -b + 2*b. Let q be l(b). What is the greatest common factor of 49 and q?
7
Suppose 0*h + 114 = 3*h. Let c(w) = w**3 + 23*w**2 - 52*w + 45. Let x be c(-25). Calculate the greatest common divisor of x and h.
19
Suppose 3*o + 149 = 4*i, -151 = -5*i + 5*o + 39. What is the greatest common divisor of 315 and i?
35
Let g(l) = 17*l + 4. Let m be g(4). What is the highest common factor of m and 18?
18
Let y(f) = 6*f - 7. Let r be y(3). What is the highest common divisor of r and 44?
11
Let j(p) = p**3 + 15*p**2 - 17*p - 14. Let o be j(-16). Let s(q) = -q + 8. Let m be s(0). Calculate the greatest common factor of o and m.
2
Suppose 0 = 3*n + 36 - 111. Calculate the highest common factor of 175 and n.
25
Suppose 4*v - 